{"id":2070,"date":"2022-06-19T16:05:47","date_gmt":"2022-06-19T19:05:47","guid":{"rendered":"http:\/\/laferrugemsuites.com.br\/ferrugem\/?page_id=2070"},"modified":"2022-06-19T16:16:14","modified_gmt":"2022-06-19T19:16:14","slug":"pousada-pet-friendly","status":"publish","type":"page","link":"http:\/\/laferrugemsuites.com.br\/ferrugem\/pousada-pet-friendly\/","title":{"rendered":"Pousada Pet Friendly"},"content":{"rendered":"<p>[vc_row][vc_column width=&#8221;1\/2&#8243; css=&#8221;.vc_custom_1467360650255{margin-top: 10px !important;margin-bottom: 10px !important;padding-top: 0px !important;padding-right: 40px !important;}&#8221;]<div style=\"background-color:; height: 10px;\" class=\"nicdark_section  \"><\/div> <h1 style=\"color:; padding:px; text-align:right; font-size:40px; line-height:50px; letter-spacing: px; font-weight:lighter;\" class=\"  nd_options_text_align_center_responsive_important nd_options_first_font \">Pol\u00edtica Hospedagem Pets<\/h1> [\/vc_column][vc_column width=&#8221;1\/2&#8243; css=&#8221;.vc_custom_1467207292391{margin-top: 10px !important;margin-bottom: 10px !important;padding-top: 0px !important;}&#8221;]<div style=\"background-color:; height: 20px;\" class=\"nicdark_section  \"><\/div>[vc_column_text el_class=&#8221;nd_options_text_align_center_responsive&#8221;]<span style=\"font-weight: 400;\">Aqui no LaFerrugem Suites os Pets s\u00e3o considerados parte da fam\u00edlia, sendo sempre muito bem-vindos. E para que a estadia do seu melhor amigo e dos demais h\u00f3spedes seja a mais tranquila poss\u00edvel, \u00e9 necess\u00e1rio seguir uma pol\u00edtica de hospedagem, descrita abaixo:<\/span>[\/vc_column_text]<div style=\"background-color:; height: 20px;\" class=\"nicdark_section  \"><\/div>[\/vc_column][\/vc_row][vc_row][vc_column width=&#8221;1\/4&#8243;][vc_single_image image=&#8221;1948&#8243; img_size=&#8221;medium&#8221; alignment=&#8221;center&#8221;]<div style=\"background-color:; height: 5px;\" class=\"nicdark_section  \"><\/div>[vc_single_image image=&#8221;1947&#8243; img_size=&#8221;medium&#8221; alignment=&#8221;center&#8221;]<div style=\"background-color:; height: 5px;\" class=\"nicdark_section  \"><\/div>[vc_single_image image=&#8221;2030&#8243; img_size=&#8221;medium&#8221; alignment=&#8221;center&#8221;]<div style=\"background-color:; height: 5px;\" class=\"nicdark_section  \"><\/div>[\/vc_column][vc_column width=&#8221;3\/4&#8243;][vc_column_text]<b>Porte dos pets<\/b><\/p>\n<p><span style=\"font-weight: 400;\">S\u00e3o permitidos at\u00e9 dois animais de pequeno porte por apto. Ou habita\u00e7\u00e3o, ou seja, pets considerados de companhia, com at\u00e9 10 kg cada.<\/span><\/p>\n<p>&nbsp;<\/p>\n<p><b>\u00c1reas comuns<\/b><\/p>\n<p><span style=\"font-weight: 400;\">Para seguran\u00e7a e bem-estar de todos, n\u00e3o deixe seu bichinho transitar pelas \u00e1reas comuns do condom\u00ednio sem a guia.<\/span><\/p>\n<p>&nbsp;<\/p>\n<p><b>\u00c1reas vetadas<\/b><\/p>\n<p><span style=\"font-weight: 400;\">Nas depend\u00eancias da piscina e no sal\u00e3o de caf\u00e9 da manh\u00e3 n\u00e3o \u00e9 permitida a presen\u00e7a dos pets.<\/span><\/p>\n<p>&nbsp;<\/p>\n<p><b>Taxas e di\u00e1rias<\/b><\/p>\n<p><span style=\"font-weight: 400;\">NAO COBRAMOS valor algum da di\u00e1ria do Pet, sim, uma taxa \u00fanica de higieniza\u00e7\u00e3o (R$ 40,00 por acomoda\u00e7\u00e3o). Consulte formas de pagamento no ato da reserva.<\/span><\/p>\n<p>&nbsp;<\/p>\n<p><b>Servi\u00e7o de limpeza<\/b><\/p>\n<p><span style=\"font-weight: 400;\">A higieniza\u00e7\u00e3o das habita\u00e7\u00f5es s\u00f3 ser\u00e1 efetuada sem a presen\u00e7a do Pet. Sendo assim, \u00e9 preciso agendar a limpeza com a recep\u00e7\u00e3o.<\/span><\/p>\n<p>&nbsp;<\/p>\n<p><b>Cuidados Normais.<\/b><\/p>\n<p><span style=\"font-weight: 400;\">Caso o Pet deprecie itens das habita\u00e7\u00f5es ou aptos., como m\u00f3veis e roupas de cama ou a estrutura da Pousada ou Condom\u00ednio, ser\u00e1 cobrada uma taxa de acordo com o valor do item danificado.<\/span>[\/vc_column_text][\/vc_column][\/vc_row][vc_row css=&#8221;.vc_custom_1492511016596{margin-top: 40px !important;margin-bottom: 20px !important;}&#8221;][vc_column el_class=&#8221;nd_options_text_align_center&#8221;]\n\t<div class=\"nd_options_section nd_options_text_align_center\">\n\t<a style=\"border: 1px solid #7e7e7e; border-radius:px; letter-spacing:4px; line-height:11px; font-size:11px; background-color:; padding:15px 20px; margin:; color:;\" rel=\"\"  href=\"http:\/\/laferrugemsuites.com.br\/ferrugem\/a-pousada-laferrugem\/\" class=\"nicdark_display_inline_block  nd_options_font_weight_lighter nd_options_second_font nd_options_disable_lateral_border \">VER A POUSADA<\/a>\n\t<\/div>\n[\/vc_column][\/vc_row]<\/p>\n","protected":false},"excerpt":{"rendered":"<p>[vc_row][vc_column width=&#8221;1\/2&#8243; css=&#8221;.vc_custom_1467360650255{margin-top: 10px !important;margin-bottom: 10px !important;padding-top: 0px !important;padding-right: 40px !important;}&#8221;][\/vc_column][vc_column width=&#8221;1\/2&#8243; css=&#8221;.vc_custom_1467207292391{margin-top: 10px !important;margin-bottom: 10px !important;padding-top: 0px !important;}&#8221;][vc_column_text el_class=&#8221;nd_options_text_align_center_responsive&#8221;]Aqui no LaFerrugem Suites os Pets s\u00e3o considerados parte da fam\u00edlia, sendo sempre muito bem-vindos. E para que a estadia do seu melhor amigo e dos demais h\u00f3spedes seja a mais tranquila poss\u00edvel, \u00e9 necess\u00e1rio seguir [&hellip;]<\/p>\n","protected":false},"author":1,"featured_media":0,"parent":0,"menu_order":0,"comment_status":"closed","ping_status":"closed","template":"","meta":{"footnotes":""},"class_list":["post-2070","page","type-page","status-publish","hentry"],"_links":{"self":[{"href":"http:\/\/laferrugemsuites.com.br\/ferrugem\/wp-json\/wp\/v2\/pages\/2070","targetHints":{"allow":["GET"]}}],"collection":[{"href":"http:\/\/laferrugemsuites.com.br\/ferrugem\/wp-json\/wp\/v2\/pages"}],"about":[{"href":"http:\/\/laferrugemsuites.com.br\/ferrugem\/wp-json\/wp\/v2\/types\/page"}],"author":[{"embeddable":true,"href":"http:\/\/laferrugemsuites.com.br\/ferrugem\/wp-json\/wp\/v2\/users\/1"}],"replies":[{"embeddable":true,"href":"http:\/\/laferrugemsuites.com.br\/ferrugem\/wp-json\/wp\/v2\/comments?post=2070"}],"version-history":[{"count":8,"href":"http:\/\/laferrugemsuites.com.br\/ferrugem\/wp-json\/wp\/v2\/pages\/2070\/revisions"}],"predecessor-version":[{"id":2083,"href":"http:\/\/laferrugemsuites.com.br\/ferrugem\/wp-json\/wp\/v2\/pages\/2070\/revisions\/2083"}],"wp:attachment":[{"href":"http:\/\/laferrugemsuites.com.br\/ferrugem\/wp-json\/wp\/v2\/media?parent=2070"}],"curies":[{"name":"wp","href":"https:\/\/api.w.org\/{rel}","templated":true}]}}